 a multiple of 94?
False
Does 73 divide 1147841802?
False
Is 56 a factor of 447546792?
True
Does 10661 divide 784137872?
True
Does 16 divide 89999160?
False
Does 412 divide 129756928?
True
Is 1758838423 a multiple of 199?
False
Is 27881494 a multiple of 209?
False
Is 11488668 a multiple of 106?
False
Does 490 divide 55693400?
True
Is 1589148 a multiple of 8026?
True
Is 490 a factor of 129458477?
False
Is 10 a factor of 755448291?
False
Is 353 a factor of 2003799911?
True
Is 5234228899 a multiple of 2594?
False
Does 1316 divide 787083048?
False
Is 7110357320 a multiple of 6094?
True
Is 5920 a factor of 842422003?
False
Is 279 a factor of 479353806?
True
Is 961 a factor of 17834661?
False
Is 4669632 a multiple of 134?
True
Is 320 a factor of 3337684?
False
Is 12184478 a multiple of 34?
True
Is 116 a factor of 215745936?
False
Does 1147 divide 114906460?
True
Does 1233 divide 1235823570?
True
Does 9190 divide 1081054287?
False
Is 19 a factor of 478517793?
True
Is 269920835 a multiple of 205?
True
Is 143 a factor of 72738168?
False
Does 8 divide 108112680?
True
Is 10 a factor of 326123572?
False
Is 5 a factor of 52759165?
True
Is 7 a factor of 653788914?
False
Is 3806 a factor of 143595980?
False
Is 597295419 a multiple of 201?
True
Is 17111691 a multiple of 21?
False
Is 5928931 a multiple of 732?
False
Does 74 divide 20285755?
False
Is 276 a factor of 2768592456?
False
Is 24 a factor of 4439822376?
True
Is 5 a factor of 35183734?
False
Does 5 divide 2062051?
False
Does 8 divide 1417763310?
False
Is 52444596 a multiple of 73?
False
Does 9 divide 7902087?
False
Is 25277916 a multiple of 221?
False
Is 5254913524 a multiple of 746?
False
Does 4130 divide 384242708?
False
Is 9 a factor of 23478128?
False
Does 4097 divide 1572609559?
False
Is 49921114 a multiple of 27?
False
Is 2130808512 a multiple of 9376?
True
Is 25042608 a multiple of 1944?
True
Is 4 a factor of 109116494?
False
Is 720316403 a multiple of 397?
True
Is 28502112 a multiple of 674?
True
Is 128525022 a multiple of 4?
False
Is 1450962775 a multiple of 755?
True
Does 5678 divide 462092068?
False
Is 323266449 a multiple of 2695?
False
Is 3056847484 a multiple of 1268?
True
Does 3735 divide 477472664?
False
Does 12 divide 49242948?
True
Is 165 a factor of 66336988?
False
Does 290 divide 36923399?
False
Is 72100680 a multiple of 445?
True
Does 28 divide 565604648?
True
Is 1215 a factor of 872931714?
False
Is 297 a factor of 230180940?
True
Is 11 a factor of 1478802633?
True
Is 43 a factor of 1212541262?
True
Does 30 divide 2554354?
False
Is 276 a factor of 326197725?
False
Is 134808556 a multiple of 1905?
False
Is 194 a factor of 701915270?
False
Is 604 a factor of 321525508?
True
Is 205115938 a multiple of 29?
False
Does 1027 divide 788669636?
False
Does 65 divide 208631433?
False
Is 19 a factor of 2305361903?
True
Does 3 divide 5009221?
False
Is 511259031 a multiple of 106?
False
Is 46572690 a multiple of 30?
True
Is 2493855 a multiple of 39?
True
Does 40 divide 17176761?
False
Is 47916648 a multiple of 18?
True
Does 6237 divide 195481013?
False
Is 15467663 a multiple of 8?
False
Does 12 divide 890479269?
False
Does 178 divide 177344768?
False
Is 2066309473 a multiple of 23?
False
Is 552303098 a multiple of 15?
False
Is 32 a factor of 109540793?
False
Is 41 a factor of 302791642?
True
Is 188099807 a multiple of 80?
False
Is 309679794 a multiple of 74?
False
Does 18 divide 31832586?
True
Is 144560283 a multiple of 22?
False
Is 57359171 a multiple of 494?
False
Is 6150630 a multiple of 30?
True
Does 438 divide 24250220?
False
Does 160 divide 25002240?
True
Is 178071515 a multiple of 1615?
True
Is 929 a factor of 926722092?
True
Is 196 a factor of 369266548?
True
Is 462 a factor of 15653932?
False
Is 2415 a factor of 1015055895?
True
Is 449 a factor of 3690446393?
True
Is 2179258 a multiple of 35?
False
Is 837 a factor of 2341867417?
False
Is 67 a factor of 4246405618?
False
Does 59 divide 114637160?
False
Does 89 divide 80161601?
False
Does 30 divide 862350?
True
Is 1862 a factor of 234592?
False
Does 3 divide 74940162?
True
Is 110333456 a multiple of 38?
True
Does 1618 divide 95539664?
True
Is 272 a factor of 90479604?
False
Is 599 a factor of 1283282625?
True
Is 64747375 a multiple of 205?
False
Is 128380956 a multiple of 139?
True
Is 2021 a factor of 1986832794?
False
Is 14100424 a multiple of 6?
False
Does 150 divide 197481739?
False
Is 800 a factor of 229206400?
True
Does 12 divide 33923436?
True
Is 8903898 a multiple of 414?
True
Is 106762283 a multiple of 45?
False
Does 23 divide 67422039?
True
Does 236 divide 44791823?
False
Is 45079821 a multiple of 1386?
False
Is 193 a factor of 1762044401?
False
Is 382743663 a multiple of 22?
False
Does 41 divide 98612667?
True
Is 1902 a factor of 195554130?
True
Is 4989409320 a multiple of 196?
True
Is 59879550 a multiple of 1221?
False
Is 65 a factor of 57227300?
True
Is 207891930 a multiple of 8?
False
Is 115 a factor of 128888688?
False
Is 1379027 even?
False
Does 8 divide 15163329?
False
Is 230 a factor of 115852380?
True
Does 41 divide 408726089?
True
Is 100 a factor of 1420526200?
True
Is 8501420 a multiple of 22?
False
Does 3884 divide 339686872?
True
Does 31 divide 94790157?
True
Is 730 a factor of 47188506?
False
Does 8 divide 713898952?
True
Is 56 a factor of 408221674?
False
Is 211759720 a multiple of 1375?
False
Is 161804825 a multiple of 175?
True
Is 6 a factor of 16606320?
True
Does 936 divide 23986645?
False
Is 70814763 a multiple of 11?
False
Does 179 divide 7255918?
False
Is 5676902 a multiple of 386?
True
Does 54 divide 46375434?
False
Does 12 divide 40289669?
False
Does 162 divide 597852900?
True
Does 1434 divide 1575600330?
True
Is 315214470 a multiple of 1362?
True
Is 23191096 a multiple of 38?
True
Is 16593 a factor of 493947125?
False
Does 56 divide 18632656?
True
Is 169500523 a multiple of 120?
False
Is 72 a factor of 2024171704?
False
Is 61788096 a multiple of 7047?
True
Is 4256672 a multiple of 16?
True
Is 1152 a factor of 232458624?
True
Does 295 divide 4853774?
False
Is 963243544 a multiple of 16?
False
Is 539 a factor of 131572056?
True
Does 12 divide 111159836?
False
Does 489 divide 650656065?
True
Does 1266 divide 503002056?
True
Does 17 divide 31624675?
True
Is 1704360731 a multiple of 2616?
False
Is 3 a factor of 757212?
True
Is 27 a factor of 199348506?
True
Is 55 a factor of 89954535?
True
Does 81 divide 8335791?
True
Does 53 divide 23718561?
False
Is 153425246 a multiple of 93?
False
Is 52356056 a multiple of 61?
True
Is 31 a factor of 2068984212?
False
Is 3741690174 a multiple of 201?
True
Is 3236272936 a multiple of 319?
False
Is 3252 a factor of 126494896?
False
Does 188 divide 377719045?
False
Does 956 divide 167776088?
True
Does 34 divide 252511030?
True
Does 25 divide 1434209699?
False
Is 114971812 a multiple of 1721?
False
Does 154 divide 6141160128?
False
Is 89490237 a multiple of 724?
False
Does 20 divide 69536300?
True
Is 22 a factor of 18934416?
False
Does 3300 divide 1002408000?
True
Does 39 divide 438885753?
False
Does 92 divide 2527707910?
False
Does 14 divide 278517052?
False
Is 308 a factor of 35569073?
False
Is 260452320 a multiple of 2920?
True
Is 6158391 even?
False
Is 134191408 a multiple of 13?
True
Does 75 divide 13771368?
False
Is 253 a factor of 443753559?
False
Does 256 divide 2827898703?
False
Does 8 divide 54090241?
False
Is 1208 a factor of 62098448?
True
Does 508 divide 539050098?
False
Does 8878 divide 465919477?
False
Is 15 a factor of 29296357?
False
Is 2041 a factor of 15240147?
True
Does 9 divide 382918986?
True
Is 219 a factor of 30862356?
True
Is 11 a factor of 1784563?
True
Is 11 a factor of 85277029?
False
Is 15698316 a multiple of 8?
False
Does 499 divide 32256645?
False
Is 504535775 a multiple of 8?
False
Is 163855164 a multiple of 22?
True
Does 2616 divide 29564069?
False
Does 22 divide 29551446?
False
Is 29 a factor of 12548972?
False
Is 5565996 a multiple of 492?
True
Is 28 a factor of 106075788?
True
Does 24 divide 209123352?
True
Is 7 a factor of 525550683?
True
Is 260962938 a multiple of 18?
True
Is 101601256 a multiple of 114?
False
Does 1201 divide 61188548?
True
Does 38 divide 519675802?
True
Is 26 a factor of 6606644?
False
Is 155484560 a multiple of 22?
T